{"version":"1.0","provider_name":"CUTIS LAXA INTERNATIONALE","provider_url":"https:\/\/www.cutislaxa.org\/fr\/","title":"Grossesse et Planning Familial dans les Maladies rares - CUTIS LAXA INTERNATIONALE","type":"rich","width":600,"height":338,"html":"<blockquote class=\"wp-embedded-content\" data-secret=\"wbBVHrBruP\"><a href=\"https:\/\/www.cutislaxa.org\/fr\/grossesse-et-planning-familial-dans-les-maladies-rares\/\">Grossesse et Planning Familial dans les Maladies rares<\/a><\/blockquote><iframe sandbox=\"allow-scripts\" security=\"restricted\" src=\"https:\/\/www.cutislaxa.org\/fr\/grossesse-et-planning-familial-dans-les-maladies-rares\/embed\/#?secret=wbBVHrBruP\" width=\"600\" height=\"338\" title=\"\u00ab\u00a0Grossesse et Planning Familial dans les Maladies rares\u00a0\u00bb &#8212; CUTIS LAXA INTERNATIONALE\" data-secret=\"wbBVHrBruP\" frameborder=\"0\" marginwidth=\"0\" marginheight=\"0\" scrolling=\"no\" class=\"wp-embedded-content\"><\/iframe><script type=\"text\/javascript\">\n\/* <![CDATA[ *\/\n\/*! This file is auto-generated *\/\n!function(d,l){\"use strict\";l.querySelector&&d.addEventListener&&\"undefined\"!=typeof URL&&(d.wp=d.wp||{},d.wp.receiveEmbedMessage||(d.wp.receiveEmbedMessage=function(e){var t=e.data;if((t||t.secret||t.message||t.value)&&!\/[^a-zA-Z0-9]\/.test(t.secret)){for(var s,r,n,a=l.querySelectorAll('iframe[data-secret=\"'+t.secret+'\"]'),o=l.querySelectorAll('blockquote[data-secret=\"'+t.secret+'\"]'),c=new RegExp(\"^https?:$\",\"i\"),i=0;i<o.length;i++)o[i].style.display=\"none\";for(i=0;i<a.length;i++)s=a[i],e.source===s.contentWindow&&(s.removeAttribute(\"style\"),\"height\"===t.message?(1e3<(r=parseInt(t.value,10))?r=1e3:~~r<200&&(r=200),s.height=r):\"link\"===t.message&&(r=new URL(s.getAttribute(\"src\")),n=new URL(t.value),c.test(n.protocol))&&n.host===r.host&&l.activeElement===s&&(d.top.location.href=t.value))}},d.addEventListener(\"message\",d.wp.receiveEmbedMessage,!1),l.addEventListener(\"DOMContentLoaded\",function(){for(var e,t,s=l.querySelectorAll(\"iframe.wp-embedded-content\"),r=0;r<s.length;r++)(t=(e=s[r]).getAttribute(\"data-secret\"))||(t=Math.random().toString(36).substring(2,12),e.src+=\"#?secret=\"+t,e.setAttribute(\"data-secret\",t)),e.contentWindow.postMessage({message:\"ready\",secret:t},\"*\")},!1)))}(window,document);\n\/* ]]> *\/\n<\/script>\n","thumbnail_url":"https:\/\/www.cutislaxa.org\/wp-content\/uploads\/2025\/09\/Pregnancy1-titre-publication-Pregnn.jpg","thumbnail_width":781,"thumbnail_height":542,"description":"Le Journal Orphanet Journal des Maladies Rares a publi\u00e9 les r\u00e9sulatst de l&rsquo;enqu\u00eate aupr\u00e8s des professionnels de sant\u00e9 \u00ab\u00a0Grossesse et Planning Familial dans les Maladies Rares\u00a0\u00bb (lire la publication) Le groupe de travail transversal des r\u00e9seaux europ\u00e9ens de r\u00e9f\u00e9rence (ERNs) r\u00e9unissant des repr\u00e9sentants de malades (EPAGs) (dont Marie-Claude Boiteux) et des professionnels de sant\u00e9 (HCP) [&hellip;]"}

Le Journal Orphanet Journal des Maladies Rares a publié les résulatst de l&rsquo;enquête auprès des professionnels de santé « Grossesse et Planning Familial dans les Maladies Rares » (lire la publication) Le groupe de travail transversal des réseaux européens de référence (ERNs) réunissant des représentants de malades (EPAGs) (dont Marie-Claude Boiteux) et des professionnels de santé (HCP) [&hellip;]
