{"id":4084,"date":"2017-12-28T19:37:57","date_gmt":"2017-12-28T19:37:57","guid":{"rendered":"http:\/\/www.cutislaxa.org\/acerca-de-nosotros\/the-story-of-our-association\/"},"modified":"2018-03-11T16:17:17","modified_gmt":"2018-03-11T16:17:17","slug":"the-story-of-our-association","status":"publish","type":"page","link":"https:\/\/www.cutislaxa.org\/es\/acerca-de-nosotros\/the-story-of-our-association\/","title":{"rendered":"Historia De Nuestra Asociaci\u00f3n"},"content":{"rendered":"<div class=\"flex_column av_one_full  flex_column_div av-zero-column-padding first  avia-builder-el-0  el_before_av_one_fifth  avia-builder-el-first  \" style='border-radius:0px; '><div  style='padding-bottom:10px; font-size:50px;' class='av-special-heading av-special-heading-h1  blockquote modern-quote modern-centered  avia-builder-el-1  avia-builder-el-no-sibling  av-inherit-size '><h1 class='av-special-heading-tag '  itemprop=\"headline\"  >Historia de <b>Nuestra Asociaci\u00f3n<\/b><\/h1><div class='special-heading-border'><div class='special-heading-inner-border' ><\/div><\/div><\/div><\/div><div class=\"flex_column av_one_fifth  flex_column_div av-zero-column-padding first  avia-builder-el-2  el_after_av_one_full  el_before_av_three_fifth  column-top-margin\" style='border-radius:0px; '><\/div><\/p>\n<div class=\"flex_column av_three_fifth  flex_column_div av-zero-column-padding   avia-builder-el-3  el_after_av_one_fifth  el_before_av_one_fifth  column-top-margin\" style='border-radius:0px; '><section class=\"av_textblock_section \"  itemscope=\"itemscope\" itemtype=\"https:\/\/schema.org\/CreativeWork\" ><div class='avia_textblock  '   itemprop=\"text\" ><p>En octubre de 1990 naci\u00f3 Cecile. Durante los dos primeros a\u00f1os de su vida, nada hac\u00eda sospechar que estaba afectada por una enfermedad gen\u00e9tica rara. De todas maneras, a Jean-Louis, su padre, le parec\u00eda que su piel no era totalmente normal, demasiado laxa, demasiado flexible, como si fuera un poco demasiado grande. Fue entonces cuando Jean-Louis y yo decidimos consultar un dermat\u00f3logo.<br \/>\nFelizmente para nosotros hab\u00edamos llamado a la puerta correcta: el Hospital Saint- Louis de Par\u00eds. All\u00ed estaba la doctora Blanchet-Bardon que no dud\u00f3 ni un segundo: Cecile estaba afectada por una enfermedad gen\u00e9tica rara, la CUTIS LAXA. Despu\u00e9s de todos las preguntas m\u00e9dicas, nuestro primer ruego fue encontrar a otros enfermos.<\/p>\n<p>Desgraciadamente en aquella \u00e9poca C\u00e9cile era el \u00fanico caso que la doctora Blanchet-Bardon ten\u00eda y no exist\u00eda ninguna asociaci\u00f3n de esta enfermedad. Nos encontramos solos, teniendo que hacer frente a lo desconocido de esta enfermedad, incapaces de compartir todo lo que ello supon\u00eda en nuestras vidas. \u00bfQu\u00e9 futuro pod\u00edamos proyectar para nuestra hija?, \u00bfcu\u00e1les ser\u00edan las dificultades a las que \u00edbamos a tener que enfrentarnos?, fuera del contexto m\u00e9dico puro, nadie nos pod\u00eda ayudar. Fueron a\u00f1os dif\u00edciles durante los cuales nos hizo falta aprender a vivir con la mirada de los otros y ense\u00f1ar a C\u00e9cile a ser fuerte respecto a esas miradas. Todas nuestras tentativas en diferentes organismos para contactar con otros enfermos fueron vanas, pero yo guardaba dentro de m\u00ed misma la esperanza de que un d\u00eda, quiz\u00e1s&#8230;<\/p>\n<p>Hab\u00edan pasado diez a\u00f1os desde el nacimiento de C\u00e9cile. El TELETHON, que seguimos fielmente desde entonces, instala sus c\u00e1maras en la Ile de R\u00e9 donde vivimos. Es la ocasi\u00f3n para nosotros, y sobre todo para C\u00e9cile, de participar m\u00e1s activamente, m\u00e1s concretamente que en el pasado. Ella participa en dos reportajes donde su dinamismo y su alegr\u00eda de vivir resplandecen en un d\u00eda grande. La motivaci\u00f3n que C\u00e9cile demostr\u00f3, nos anim\u00f3 a reemprender de nuestra b\u00fasqueda de otros enfermos. La inform\u00e1tica hab\u00eda entrado desde hac\u00eda poco en nuestra casa y, gracias a Internet, encontr\u00e9 un sitio americano (MUMS: http:\/\/www.netnet.net\/mums) que ayudaba a que las familias se pusieran en contacto, mencionaban 2 casos de Cutis Laxa, 1 en Jap\u00f3n y otro en Estados Unidos, yo no pod\u00eda creer lo que ve\u00edan mis ojos. Por fin, hab\u00edamos dejado de estar solos. Estimulada por este descubrimiento, visit\u00e9 otros sitios y encontr\u00e9, de la misma manera, 1 caso en Irlanda del Norte (Contacto familia: http:\/\/cafamily.org).<\/p>\n<p>Intercambiamos nuestros primeros e-mails con una intensa emoci\u00f3n. Creamos lazos de amistad. Compartimos nuestras sonrisas y nuestras l\u00e1grimas. Pero est\u00e1bamos en cuatro esquinas del mundo y la barrera de la lengua que no facilita los intercambios.<\/p>\n<p>En la regi\u00f3n de Angoul\u00eame, Melissa y sus padres vieron a C\u00e9cile en la televisi\u00f3n durante el T\u00e9l\u00e9thon. Desde hac\u00eda 14 a\u00f1os tambi\u00e9n estaban solos tambi\u00e9n haciendo frente a la Cutis Laxa. Consiguieron hacernos llegar una carta. Fue en una cama de un hospital cuando C\u00e9cile supo que no estaba sola en Francia y llor\u00f3 de alegr\u00eda.<\/p>\n<p>En Breta\u00f1a, Tifenn tambi\u00e9n vio a C\u00e9cile. Se pone en contacto con nosotros.<br \/>\nNuestros primeros encuentros fueron muy intensos, llenos de emociones y alegr\u00edas.<br \/>\nGracias a la presencia de C\u00e9cile en la emisi\u00f3n de \u201cEsto se habla\u201d (\u201c\u00c7a se discute\u201d), Nathalie y Mireille se unen nosotros.<br \/>\nEl 11 de noviembre de 2001 creamos \u201cCUTIS LAXA INTERNATIONALE\u201d para que, por fin, cesase la soledad desesperante de los enfermos afectados por la Cutis Laxa.<\/p>\n<p>Hoy en d\u00eda, otros enfermos se han unido a nosotros, en Jap\u00f3n, en Corea, en Australia, en Estados Unidos, en M\u00e9xico, en Ir\u00e1n, en L\u00edbano, en Gran Breta\u00f1a, Irlanda del Norte, en Alemania&#8230;. y en Francia.\u00a0 Y otros se nos unir\u00e1n, estoy segura.<\/p>\n<p><strong>Marie-Claude Boiteux, <\/strong><\/p>\n<p><em>Presidenta de Cutis Laxa Internacionale<\/em><\/p>\n<\/div><\/section><\/div>\n<div class=\"flex_column av_one_fifth  flex_column_div av-zero-column-padding   avia-builder-el-5  el_after_av_three_fifth  avia-builder-el-last  column-top-margin\" style='border-radius:0px; '><\/div>\n","protected":false},"excerpt":{"rendered":"","protected":false},"author":1,"featured_media":0,"parent":3423,"menu_order":0,"comment_status":"closed","ping_status":"closed","template":"","meta":{"footnotes":""},"class_list":["post-4084","page","type-page","status-publish","hentry"],"yoast_head":"<!-- This site is optimized with the Yoast SEO plugin v22.0 - https:\/\/yoast.com\/wordpress\/plugins\/seo\/ -->\n<title>Historia De Nuestra Asociaci\u00f3n - CUTIS LAXA INTERNATIONALE<\/title>\n<meta name=\"robots\" content=\"index, follow, max-snippet:-1, max-image-preview:large, max-video-preview:-1\" \/>\n<link rel=\"canonical\" href=\"https:\/\/www.cutislaxa.org\/about-us\/the-story-of-our-association\/\" \/>\n<meta property=\"og:locale\" content=\"es_ES\" \/>\n<meta property=\"og:type\" content=\"article\" \/>\n<meta property=\"og:title\" content=\"Historia De Nuestra Asociaci\u00f3n - CUTIS LAXA INTERNATIONALE\" \/>\n<meta property=\"og:url\" content=\"https:\/\/www.cutislaxa.org\/about-us\/the-story-of-our-association\/\" \/>\n<meta property=\"og:site_name\" content=\"CUTIS LAXA INTERNATIONALE\" \/>\n<meta property=\"article:publisher\" content=\"https:\/\/www.facebook.com\/CutisLaxaAssociation\/\" \/>\n<meta property=\"article:modified_time\" content=\"2018-03-11T16:17:17+00:00\" \/>\n<meta name=\"twitter:card\" content=\"summary_large_image\" \/>\n<meta name=\"twitter:label1\" content=\"Tiempo de lectura\" \/>\n\t<meta name=\"twitter:data1\" content=\"5 minutos\" \/>\n<script type=\"application\/ld+json\" class=\"yoast-schema-graph\">{\"@context\":\"https:\/\/schema.org\",\"@graph\":[{\"@type\":\"WebPage\",\"@id\":\"https:\/\/www.cutislaxa.org\/about-us\/the-story-of-our-association\/\",\"url\":\"https:\/\/www.cutislaxa.org\/about-us\/the-story-of-our-association\/\",\"name\":\"Historia De Nuestra Asociaci\u00f3n - CUTIS LAXA INTERNATIONALE\",\"isPartOf\":{\"@id\":\"https:\/\/www.cutislaxa.org\/#website\"},\"datePublished\":\"2017-12-28T19:37:57+00:00\",\"dateModified\":\"2018-03-11T16:17:17+00:00\",\"breadcrumb\":{\"@id\":\"https:\/\/www.cutislaxa.org\/about-us\/the-story-of-our-association\/#breadcrumb\"},\"inLanguage\":\"es\",\"potentialAction\":[{\"@type\":\"ReadAction\",\"target\":[\"https:\/\/www.cutislaxa.org\/about-us\/the-story-of-our-association\/\"]}]},{\"@type\":\"BreadcrumbList\",\"@id\":\"https:\/\/www.cutislaxa.org\/about-us\/the-story-of-our-association\/#breadcrumb\",\"itemListElement\":[{\"@type\":\"ListItem\",\"position\":1,\"name\":\"Home\",\"item\":\"https:\/\/www.cutislaxa.org\/es\/bienvenida\/\"},{\"@type\":\"ListItem\",\"position\":2,\"name\":\"Acerca de Nosotros\",\"item\":\"https:\/\/www.cutislaxa.org\/about-us\/\"},{\"@type\":\"ListItem\",\"position\":3,\"name\":\"Historia De Nuestra Asociaci\u00f3n\"}]},{\"@type\":\"WebSite\",\"@id\":\"https:\/\/www.cutislaxa.org\/#website\",\"url\":\"https:\/\/www.cutislaxa.org\/\",\"name\":\"CUTIS LAXA INTERNATIONALE\",\"description\":\"\",\"publisher\":{\"@id\":\"https:\/\/www.cutislaxa.org\/#organization\"},\"potentialAction\":[{\"@type\":\"SearchAction\",\"target\":{\"@type\":\"EntryPoint\",\"urlTemplate\":\"https:\/\/www.cutislaxa.org\/?s={search_term_string}\"},\"query-input\":\"required name=search_term_string\"}],\"inLanguage\":\"es\"},{\"@type\":\"Organization\",\"@id\":\"https:\/\/www.cutislaxa.org\/#organization\",\"name\":\"Cutis Laxa Internationale\",\"url\":\"https:\/\/www.cutislaxa.org\/\",\"logo\":{\"@type\":\"ImageObject\",\"inLanguage\":\"es\",\"@id\":\"https:\/\/www.cutislaxa.org\/#\/schema\/logo\/image\/\",\"url\":\"https:\/\/www.cutislaxa.org\/wp-content\/uploads\/2017\/12\/NEW-LOGO-CLI-4.png\",\"contentUrl\":\"https:\/\/www.cutislaxa.org\/wp-content\/uploads\/2017\/12\/NEW-LOGO-CLI-4.png\",\"width\":417,\"height\":120,\"caption\":\"Cutis Laxa Internationale\"},\"image\":{\"@id\":\"https:\/\/www.cutislaxa.org\/#\/schema\/logo\/image\/\"},\"sameAs\":[\"https:\/\/www.facebook.com\/CutisLaxaAssociation\/\"]}]}<\/script>\n<!-- \/ Yoast SEO plugin. -->","yoast_head_json":{"title":"Historia De Nuestra Asociaci\u00f3n - CUTIS LAXA INTERNATIONALE","robots":{"index":"index","follow":"follow","max-snippet":"max-snippet:-1","max-image-preview":"max-image-preview:large","max-video-preview":"max-video-preview:-1"},"canonical":"https:\/\/www.cutislaxa.org\/about-us\/the-story-of-our-association\/","og_locale":"es_ES","og_type":"article","og_title":"Historia De Nuestra Asociaci\u00f3n - CUTIS LAXA INTERNATIONALE","og_url":"https:\/\/www.cutislaxa.org\/about-us\/the-story-of-our-association\/","og_site_name":"CUTIS LAXA INTERNATIONALE","article_publisher":"https:\/\/www.facebook.com\/CutisLaxaAssociation\/","article_modified_time":"2018-03-11T16:17:17+00:00","twitter_card":"summary_large_image","twitter_misc":{"Tiempo de lectura":"5 minutos"},"schema":{"@context":"https:\/\/schema.org","@graph":[{"@type":"WebPage","@id":"https:\/\/www.cutislaxa.org\/about-us\/the-story-of-our-association\/","url":"https:\/\/www.cutislaxa.org\/about-us\/the-story-of-our-association\/","name":"Historia De Nuestra Asociaci\u00f3n - CUTIS LAXA INTERNATIONALE","isPartOf":{"@id":"https:\/\/www.cutislaxa.org\/#website"},"datePublished":"2017-12-28T19:37:57+00:00","dateModified":"2018-03-11T16:17:17+00:00","breadcrumb":{"@id":"https:\/\/www.cutislaxa.org\/about-us\/the-story-of-our-association\/#breadcrumb"},"inLanguage":"es","potentialAction":[{"@type":"ReadAction","target":["https:\/\/www.cutislaxa.org\/about-us\/the-story-of-our-association\/"]}]},{"@type":"BreadcrumbList","@id":"https:\/\/www.cutislaxa.org\/about-us\/the-story-of-our-association\/#breadcrumb","itemListElement":[{"@type":"ListItem","position":1,"name":"Home","item":"https:\/\/www.cutislaxa.org\/es\/bienvenida\/"},{"@type":"ListItem","position":2,"name":"Acerca de Nosotros","item":"https:\/\/www.cutislaxa.org\/about-us\/"},{"@type":"ListItem","position":3,"name":"Historia De Nuestra Asociaci\u00f3n"}]},{"@type":"WebSite","@id":"https:\/\/www.cutislaxa.org\/#website","url":"https:\/\/www.cutislaxa.org\/","name":"CUTIS LAXA INTERNATIONALE","description":"","publisher":{"@id":"https:\/\/www.cutislaxa.org\/#organization"},"potentialAction":[{"@type":"SearchAction","target":{"@type":"EntryPoint","urlTemplate":"https:\/\/www.cutislaxa.org\/?s={search_term_string}"},"query-input":"required name=search_term_string"}],"inLanguage":"es"},{"@type":"Organization","@id":"https:\/\/www.cutislaxa.org\/#organization","name":"Cutis Laxa Internationale","url":"https:\/\/www.cutislaxa.org\/","logo":{"@type":"ImageObject","inLanguage":"es","@id":"https:\/\/www.cutislaxa.org\/#\/schema\/logo\/image\/","url":"https:\/\/www.cutislaxa.org\/wp-content\/uploads\/2017\/12\/NEW-LOGO-CLI-4.png","contentUrl":"https:\/\/www.cutislaxa.org\/wp-content\/uploads\/2017\/12\/NEW-LOGO-CLI-4.png","width":417,"height":120,"caption":"Cutis Laxa Internationale"},"image":{"@id":"https:\/\/www.cutislaxa.org\/#\/schema\/logo\/image\/"},"sameAs":["https:\/\/www.facebook.com\/CutisLaxaAssociation\/"]}]}},"_links":{"self":[{"href":"https:\/\/www.cutislaxa.org\/es\/wp-json\/wp\/v2\/pages\/4084","targetHints":{"allow":["GET"]}}],"collection":[{"href":"https:\/\/www.cutislaxa.org\/es\/wp-json\/wp\/v2\/pages"}],"about":[{"href":"https:\/\/www.cutislaxa.org\/es\/wp-json\/wp\/v2\/types\/page"}],"author":[{"embeddable":true,"href":"https:\/\/www.cutislaxa.org\/es\/wp-json\/wp\/v2\/users\/1"}],"replies":[{"embeddable":true,"href":"https:\/\/www.cutislaxa.org\/es\/wp-json\/wp\/v2\/comments?post=4084"}],"version-history":[{"count":5,"href":"https:\/\/www.cutislaxa.org\/es\/wp-json\/wp\/v2\/pages\/4084\/revisions"}],"predecessor-version":[{"id":5897,"href":"https:\/\/www.cutislaxa.org\/es\/wp-json\/wp\/v2\/pages\/4084\/revisions\/5897"}],"up":[{"embeddable":true,"href":"https:\/\/www.cutislaxa.org\/es\/wp-json\/wp\/v2\/pages\/3423"}],"wp:attachment":[{"href":"https:\/\/www.cutislaxa.org\/es\/wp-json\/wp\/v2\/media?parent=4084"}],"curies":[{"name":"wp","href":"https:\/\/api.w.org\/{rel}","templated":true}]}}

Historia De Nuestra Asociación

<div class="flex_column av_one_full  flex_column_div av-zero-column-padding first  avia-builder-el-0  el_before_av_one_fifth  avia-builder-el-first  " style='border-radius:0px; '><div  style='padding-bottom:10px; font-size:50px;' class='av-special-heading av-special-heading-h1  blockquote modern-quote modern-centered  avia-builder-el-1  avia-builder-el-no-sibling  av-inherit-size '><h1 class='av-special-heading-tag '  itemprop="headline"  >Historia de <b>Nuestra Asociación</b></h1><div class='special-heading-border'><div class='special-heading-inner-border' ></div></div></div></div><div class="flex_column av_one_fifth  flex_column_div av-zero-column-padding first  avia-builder-el-2  el_after_av_one_full  el_before_av_three_fifth  column-top-margin" style='border-radius:0px; '></div></p>
<div class="flex_column av_three_fifth  flex_column_div av-zero-column-padding   avia-builder-el-3  el_after_av_one_fifth  el_before_av_one_fifth  column-top-margin" style='border-radius:0px; '><section class="av_textblock_section "  itemscope="itemscope" itemtype="https://schema.org/CreativeWork" ><div class='avia_textblock  '   itemprop="text" ><p>En octubre de 1990 nació Cecile. Durante los dos primeros años de su vida, nada hacía sospechar que estaba afectada por una enfermedad genética rara. De todas maneras, a Jean-Louis, su padre, le parecía que su piel no era totalmente normal, demasiado laxa, demasiado flexible, como si fuera un poco demasiado grande. Fue entonces cuando Jean-Louis y yo decidimos consultar un dermatólogo.<br />
Felizmente para nosotros habíamos llamado a la puerta correcta: el Hospital Saint- Louis de París. Allí estaba la doctora Blanchet-Bardon que no dudó ni un segundo: Cecile estaba afectada por una enfermedad genética rara, la CUTIS LAXA. Después de todos las preguntas médicas, nuestro primer ruego fue encontrar a otros enfermos.</p>
<p>Desgraciadamente en aquella época Cécile era el único caso que la doctora Blanchet-Bardon tenía y no existía ninguna asociación de esta enfermedad. Nos encontramos solos, teniendo que hacer frente a lo desconocido de esta enfermedad, incapaces de compartir todo lo que ello suponía en nuestras vidas. ¿Qué futuro podíamos proyectar para nuestra hija?, ¿cuáles serían las dificultades a las que íbamos a tener que enfrentarnos?, fuera del contexto médico puro, nadie nos podía ayudar. Fueron años difíciles durante los cuales nos hizo falta aprender a vivir con la mirada de los otros y enseñar a Cécile a ser fuerte respecto a esas miradas. Todas nuestras tentativas en diferentes organismos para contactar con otros enfermos fueron vanas, pero yo guardaba dentro de mí misma la esperanza de que un día, quizás&#8230;</p>
<p>Habían pasado diez años desde el nacimiento de Cécile. El TELETHON, que seguimos fielmente desde entonces, instala sus cámaras en la Ile de Ré donde vivimos. Es la ocasión para nosotros, y sobre todo para Cécile, de participar más activamente, más concretamente que en el pasado. Ella participa en dos reportajes donde su dinamismo y su alegría de vivir resplandecen en un día grande. La motivación que Cécile demostró, nos animó a reemprender de nuestra búsqueda de otros enfermos. La informática había entrado desde hacía poco en nuestra casa y, gracias a Internet, encontré un sitio americano (MUMS: http://www.netnet.net/mums) que ayudaba a que las familias se pusieran en contacto, mencionaban 2 casos de Cutis Laxa, 1 en Japón y otro en Estados Unidos, yo no podía creer lo que veían mis ojos. Por fin, habíamos dejado de estar solos. Estimulada por este descubrimiento, visité otros sitios y encontré, de la misma manera, 1 caso en Irlanda del Norte (Contacto familia: http://cafamily.org).</p>
<p>Intercambiamos nuestros primeros e-mails con una intensa emoción. Creamos lazos de amistad. Compartimos nuestras sonrisas y nuestras lágrimas. Pero estábamos en cuatro esquinas del mundo y la barrera de la lengua que no facilita los intercambios.</p>
<p>En la región de Angoulême, Melissa y sus padres vieron a Cécile en la televisión durante el Téléthon. Desde hacía 14 años también estaban solos también haciendo frente a la Cutis Laxa. Consiguieron hacernos llegar una carta. Fue en una cama de un hospital cuando Cécile supo que no estaba sola en Francia y lloró de alegría.</p>
<p>En Bretaña, Tifenn también vio a Cécile. Se pone en contacto con nosotros.<br />
Nuestros primeros encuentros fueron muy intensos, llenos de emociones y alegrías.<br />
Gracias a la presencia de Cécile en la emisión de “Esto se habla” (“Ça se discute”), Nathalie y Mireille se unen nosotros.<br />
El 11 de noviembre de 2001 creamos “CUTIS LAXA INTERNATIONALE” para que, por fin, cesase la soledad desesperante de los enfermos afectados por la Cutis Laxa.</p>
<p>Hoy en día, otros enfermos se han unido a nosotros, en Japón, en Corea, en Australia, en Estados Unidos, en México, en Irán, en Líbano, en Gran Bretaña, Irlanda del Norte, en Alemania&#8230;. y en Francia.  Y otros se nos unirán, estoy segura.</p>
<p><strong>Marie-Claude Boiteux, </strong></p>
<p><em>Presidenta de Cutis Laxa Internacionale</em></p>
</div></section></div>
<div class="flex_column av_one_fifth  flex_column_div av-zero-column-padding   avia-builder-el-5  el_after_av_three_fifth  avia-builder-el-last  column-top-margin" style='border-radius:0px; '></div>

<!-- This site is optimized with the Yoast SEO plugin v22.0 - https://yoast.com/wordpress/plugins/seo/ -->
<title>Historia De Nuestra Asociación - CUTIS LAXA INTERNATIONALE</title>
<meta name="robots" content="index, follow, max-snippet:-1, max-image-preview:large, max-video-preview:-1" />
<link rel="canonical" href="https://www.cutislaxa.org/about-us/the-story-of-our-association/" />
<meta property="og:locale" content="es_ES" />
<meta property="og:type" content="article" />
<meta property="og:title" content="Historia De Nuestra Asociación - CUTIS LAXA INTERNATIONALE" />
<meta property="og:url" content="https://www.cutislaxa.org/about-us/the-story-of-our-association/" />
<meta property="og:site_name" content="CUTIS LAXA INTERNATIONALE" />
<meta property="article:publisher" content="https://www.facebook.com/CutisLaxaAssociation/" />
<meta property="article:modified_time" content="2018-03-11T16:17:17+00:00" />
<meta name="twitter:card" content="summary_large_image" />
<meta name="twitter:label1" content="Tiempo de lectura" />
	<meta name="twitter:data1" content="5 minutos" />
<script type="application/ld+json" class="yoast-schema-graph">{"@context":"https://schema.org","@graph":[{"@type":"WebPage","@id":"https://www.cutislaxa.org/about-us/the-story-of-our-association/","url":"https://www.cutislaxa.org/about-us/the-story-of-our-association/","name":"Historia De Nuestra Asociación - CUTIS LAXA INTERNATIONALE","isPartOf":{"@id":"https://www.cutislaxa.org/#website"},"datePublished":"2017-12-28T19:37:57+00:00","dateModified":"2018-03-11T16:17:17+00:00","breadcrumb":{"@id":"https://www.cutislaxa.org/about-us/the-story-of-our-association/#breadcrumb"},"inLanguage":"es","potentialAction":[{"@type":"ReadAction","target":["https://www.cutislaxa.org/about-us/the-story-of-our-association/"]}]},{"@type":"BreadcrumbList","@id":"https://www.cutislaxa.org/about-us/the-story-of-our-association/#breadcrumb","itemListElement":[{"@type":"ListItem","position":1,"name":"Home","item":"https://www.cutislaxa.org/es/bienvenida/"},{"@type":"ListItem","position":2,"name":"Acerca de Nosotros","item":"https://www.cutislaxa.org/about-us/"},{"@type":"ListItem","position":3,"name":"Historia De Nuestra Asociación"}]},{"@type":"WebSite","@id":"https://www.cutislaxa.org/#website","url":"https://www.cutislaxa.org/","name":"CUTIS LAXA INTERNATIONALE","description":"","publisher":{"@id":"https://www.cutislaxa.org/#organization"},"potentialAction":[{"@type":"SearchAction","target":{"@type":"EntryPoint","urlTemplate":"https://www.cutislaxa.org/?s={search_term_string}"},"query-input":"required name=search_term_string"}],"inLanguage":"es"},{"@type":"Organization","@id":"https://www.cutislaxa.org/#organization","name":"Cutis Laxa Internationale","url":"https://www.cutislaxa.org/","logo":{"@type":"ImageObject","inLanguage":"es","@id":"https://www.cutislaxa.org/#/schema/logo/image/","url":"https://www.cutislaxa.org/wp-content/uploads/2017/12/NEW-LOGO-CLI-4.png","contentUrl":"https://www.cutislaxa.org/wp-content/uploads/2017/12/NEW-LOGO-CLI-4.png","width":417,"height":120,"caption":"Cutis Laxa Internationale"},"image":{"@id":"https://www.cutislaxa.org/#/schema/logo/image/"},"sameAs":["https://www.facebook.com/CutisLaxaAssociation/"]}]}</script>
<!-- / Yoast SEO plugin. -->

Historia De Nuestra Asociación - CUTIS LAXA INTERNATIONALE
